011200112012 (base 3) to base 2.
-10011000010000111110
-44444114 (base 5) to base 12
-16a006
Convert -d8448 (base 14) to base 8.
-1773740
What is -31322 (base 11) in base 16?
-b249
-588534 (base 9) to base 5
-42312001
272818 (base 11) to base 2
1101000100011001110
133024111 (base 5) to base 13
1a7819
Convert 20310332313 (base 4) to base 9.
4316386
What is fa36 (base 16) in base 15?
13ea4
Convert -20223030 (base 5) to base 4.
-220010230
What is -1d040b (base 15) in base 5?
-330342121
-11011011101011111000101 (base 2) to base 14
-d555c1
-1013345 (base 8) to base 10
-268005
Convert 110202001212 (base 3) to base 14.
675a2
13142432 (base 5) to base 3
20122200120
What is 211610 (base 9) in base 3?
20101200100
What is -23c623 (base 15) in base 3?
-10020000010020
92a120 (base 12) to base 2
1000110001001000101000
Convert 60a5732 (base 12) to base 8.
105127726
Convert 2927 (base 16) to base 7.
42500
Convert -122200530 (base 6) to base 10.
-2348550
-310000212 (base 4) to base 15
-431c0
What is 4125 (base 8) in base 9?
2830
53497 (base 12) to base 10
109555
121344422 (base 5) to base 11
362aa6
121111332 (base 4) to base 7
611433
-6435607 (base 8) to base 14
-32a743
Convert 51201 (base 6) to base 14.
2677
What is 20222100222011 (base 3) in base 9?
6870864
Convert -587046 (base 10) to base 5.
-122241141
-210234 (base 8) to base 2
-10001000010011100
110001110001010 (base 2) to base 11
18166
What is -5501876 (base 9) in base 12?
-ba5520
What is 2162631 (base 7) in base 2?
1000001010011111001
Convert -413024412 (base 6) to base 16.
-6cfa58
-8950087 (base 10) to base 12
-2bb7547
What is -12331321 (base 8) in base 3?
-12010211122002
What is 101101100011101100 (base 2) in base 16?
2d8ec
What is 121012001021 (base 3) in base 10?
318607
What is -1496499 (base 11) in base 6?
-130441504
42012002 (base 5) to base 6
11215255
Convert -211387d (base 14) to base 4.
-323223220213
Convert -716bb (base 14) to base 11.
-17711a
Convert 8617c (base 14) to base 11.
201555
Convert -17002c (base 14) to base 15.
-10e0a1
Convert -52122522 (base 6) to base 7.
-15532541
2404656 (base 7) to base 5
34213413
What is -740124 (base 8) in base 10?
-245844
What is 2157206 (base 8) in base 15?
b7354
What is -21110002011 (base 3) in base 15?
-2d677
What is 1000010011111100111 (base 2) in base 6?
5500531
What is -218c92 (base 13) in base 11?
-4a0213
2cc1fd (base 16) to base 8
13140775
fd984 (base 16) to base 7
11554231
Convert -c617b (base 16) to base 15.
-110627
Convert 2b892 (base 13) to base 9.
135465
What is c392 (base 15) in base 13?
15a5b
What is 331042352 (base 6) in base 10?
5931068
What is 12cb47 (base 13) in base 4?
1233133321
1044713 (base 8) to base 16
449cb
What is -7a3158 (base 12) in base 7?
-22420325
Convert 1588488 (base 11) to base 9.
5072716
323840 (base 9) to base 2
101111001001110100
What is 10011122120121 (base 3) in base 16?
19b96d
What is -1ac24 (base 16) in base 9?
-176312
-120500524 (base 6) to base 16
-22c4a4
Convert -10001100111001010100100 (base 2) to base 7.
-54146154
Convert -15a683 (base 12) to base 9.
-624520
What is -210102122000 (base 3) in base 4?
-1212332331
What is 320770 (base 8) in base 6?
2143212
What is 7186b9 (base 14) in base 4?
32212030223
17633633 (base 8) to base 10
4143003
-62401 (base 14) to base 6
-5024053
What is -1879b (base 14) in base 15?
-13502
-22312511 (base 7) to base 9
-3570802
-554350 (base 7) to base 4
-113310322
Convert 17ac522 (base 13) to base 2.
11101100001010101010011
10000100000011111 (base 2) to base 6
1241011
What is 4537c (base 14) in base 12?
8132a
Convert -378bb (base 13) to base 7.
-605014
Convert 1101111000010001110 (base 2) to base 6.
13425314
146149 (base 13) to base 2
1111001110100000101
What is -13712 (base 9) in base 13?
-4325
249a98 (base 12) to base 2
10010001111011010100
What is 1ee809 (base 15) in base 10?
1517184
-7884317 (base 9) to base 16
-40d24e
49567 (base 12) to base 16
183df
2732721 (base 8) to base 9
1388652
Convert 23322210 (base 5) to base 6.
4330555
What is -378bb (base 16) in base 14?
-5ccb1
What is -2121413231 (base 5) in base 15?
-5d8161
14a884 (base 11) to base 14
613b3
What is -775500 (base 8) in base 11?
-169048
Convert -2978a8 (base 11) to base 2.
-1110001010110010010
What is 114342530 (base 6) in base 12?
88aa46
Convert -110132050 (base 6) to base 9.
-3634563
What is 461262 (base 11) in base 10?
733691
What is 1200267 (base 11) in base 15?
2b5688
What is -5947c (base 13) in base 5?
-20211412
Convert 1304683 (base 11) to base 7.
25134262
What is -a093a1 (base 12) in base 5?
-1120120200
-2502622 (base 10) to base 7
-30162163
What is 10101001011001111010000 (base 2) in base 3?
101110000121200
Convert dc00b (base 16) to base 9.
1623106
Convert -2000032231 (base 4) to base 12.
-213b51
What is 624006 (base 8) in base 4?
302200012
Convert -12000110122 (base 3) to base 6.
-2041112
What is -323003315 (base 6) in base 14?
-a958d1
What is 1102111100121 (base 3) in base 12?
30658a
What is -d74b (base 15) in base 16?
-b1d1
What is 101a15 (base 12) in base 11?
162387
Convert -100033121331 (base 4) to base 8.
-20173175
-43244200 (base 7) to base 13
-9c3502
What is 111100101001111000000 (base 2) in base 6?
110333252
-a56 (base 13) to base 5
-24021
Convert 5145a (base 12) to base 16.
19e46
-7360225 (base 8) to base 6
-105544553
What is 64456 (base 7) in base 4?
3322033
-1388850 (base 9) to base 15
-102686
-25015351 (base 6) to base 2
-11000010010000010011
Convert 40c50 (base 14) to base 4.
212012312
What is -120404301 (base 6) in base 15?
-2ed0ca
What is 103541023 (base 6) in base 7?
21562023
What is -102222012201 (base 3) in base 4?
-321201211
What is 34103234 (base 6) in base 2?
11111100101011000110
Convert 230427 (base 13) to base 14.
17816a
-134715 (base 13) to base 16
-72015
Convert 3328024 (base 10) to base 9.
6232164
Convert -3075035 (base 9) to base 16.
-191597
480a07 (base 14) to base 6
124423343
2881ba (base 15) to base 5
444414100
What is 462012 (base 8) in base 2?
100110010000001010
What is 3f3bf4 (base 16) in base 13?
b21352
132232323012 (base 4) to base 13
1891092
Convert 5e7b4 (base 16) to base 3.
201122212012
641226 (base 8) to base 11
136581
-4132251 (base 6) to base 4
-300202213
16a0242 (base 11) to base 7
33342545
-312111 (base 6) to base 8
-61013
What is 864471 (base 10) in base 6?
30310103
-49a53 (base 11) to base 5
-4244221
-3311001 (base 5) to base 4
-31322221
Convert 14256460 (base 8) to base 4.
30111310300
125323261 (base 7) to base 8
36567315
Convert -10231223011 (base 4) to base 6.
-42252341
-202010 (base 4) to base 12
-1318
Convert -31401444 (base 5) to base 6.
-5344233
What is 580ea0 (base 16) in base 10?
5770912
What is -23427174 (base 8) in base 9?
-10568358
Convert -105c94 (base 14) to base 12.
-22874a
-11232110 (base 4) to base 8
-55624
What is -60aaca (base 15) in base 12?
-16557b4
Convert 3301033212 (base 5) to base 14.
d16d30
Convert -ba031 (base 15) to base 5.
-122400141
Convert 4125c0 (base 13) to base 10.
1519128
-1444 (base 15) to base 5
-114324
-42325143 (base 7) to base 6
-204512040
225287 (base 10) to base 15
46b42
Convert 12312213200 (base 4) to base 7.
21161555
4301874 (base 10) to base 8
20322062
12022102210221 (base 3) to base 14
536c6c
Convert 1b244 (base 16) to base 8.
331104
-aa7556 (base 11) to base 7
-21006215
Convert -24233122 (base 5) to base 16.
-377d7
Convert -1001001011011001110100 (base 2) to base 14.
-468b76
What is 1fa266 (base 16) in base 15?
2ae42a
-3120332201 (base 4) to base 10
-888737
What is 133301104 (base 5) in base 4?
2212112330
131254330 (base 6) to base 11
150925a
What is -12425043 (base 6) in base 5?
-101024201
Convert 452030345 (base 6) to base 11.
470145a
Convert -11001110000111101 (base 2) to base 12.
-510a5
What is 11100010000000001100 (base 2) in base 5?
214110313
Convert 29922 (base 16) to base 11.
106a25
Convert 1212620 (base 8) to base 16.
51590
What is -2f66e (base 16) in base 8?
-573156
-147977 (base 10) to base 4
-210020021
1502870 (base 9) to base 13
230361
-62621536 (base 7) to base 13
-112c735
Convert -12211122120 (base 3) to base 13.
-40407
Convert 134ec2 (base 16) to base 5.
310442341
11312230 (base 6) to base 15
6e343
Convert 1414132412 (base 6) to base 12.
5951108
Convert -14083270 (base 10) to base 9.
-28444547
5aa0